{"id":969,"date":"2025-04-03T16:29:21","date_gmt":"2025-04-03T16:29:21","guid":{"rendered":"https:\/\/lukosvision.cl\/?page_id=969"},"modified":"2025-04-11T13:44:52","modified_gmt":"2025-04-11T13:44:52","slug":"gobierno-regional-de-aysen","status":"publish","type":"page","link":"https:\/\/agorechi.cl\/index.php\/regiones\/gobierno-regional-de-aysen\/","title":{"rendered":"Gobierno Regional de Ays\u00e9n"},"content":{"rendered":"\n<div class=\"wp-block-group region-content\"><div class=\"wp-block-group__inner-container is-layout-constrained wp-block-group-is-layout-constrained\">\n<figure class=\"wp-block-image size-full img-principal\"><img fetchpriority=\"high\" decoding=\"async\" width=\"2560\" height=\"1920\" src=\"https:\/\/agorechi.cl\/wp-content\/uploads\/2025\/03\/DJI_0240-scaled.jpg\" alt=\"\" class=\"wp-image-622\" srcset=\"https:\/\/agorechi.cl\/wp-content\/uploads\/2025\/03\/DJI_0240-scaled.jpg 2560w, https:\/\/agorechi.cl\/wp-content\/uploads\/2025\/03\/DJI_0240-300x225.jpg 300w, https:\/\/agorechi.cl\/wp-content\/uploads\/2025\/03\/DJI_0240-1024x768.jpg 1024w, https:\/\/agorechi.cl\/wp-content\/uploads\/2025\/03\/DJI_0240-768x576.jpg 768w, https:\/\/agorechi.cl\/wp-content\/uploads\/2025\/03\/DJI_0240-1536x1152.jpg 1536w, https:\/\/agorechi.cl\/wp-content\/uploads\/2025\/03\/DJI_0240-2048x1536.jpg 2048w\" sizes=\"(max-width: 2560px) 100vw, 2560px\" \/><\/figure>\n\n\n\n<div class=\"wp-block-group img-arrow is-nowrap is-layout-flex wp-container-core-group-is-layout-ad2f72ca wp-block-group-is-layout-flex\">\n<figure class=\"wp-block-image size-full\"><img decoding=\"async\" width=\"2500\" height=\"1560\" src=\"https:\/\/agorechi.cl\/wp-content\/uploads\/2025\/03\/DSC8254.jpg\" alt=\"\" class=\"wp-image-623\" srcset=\"https:\/\/agorechi.cl\/wp-content\/uploads\/2025\/03\/DSC8254.jpg 2500w, https:\/\/agorechi.cl\/wp-content\/uploads\/2025\/03\/DSC8254-300x187.jpg 300w, https:\/\/agorechi.cl\/wp-content\/uploads\/2025\/03\/DSC8254-1024x639.jpg 1024w, https:\/\/agorechi.cl\/wp-content\/uploads\/2025\/03\/DSC8254-768x479.jpg 768w, https:\/\/agorechi.cl\/wp-content\/uploads\/2025\/03\/DSC8254-1536x958.jpg 1536w, https:\/\/agorechi.cl\/wp-content\/uploads\/2025\/03\/DSC8254-2048x1278.jpg 2048w\" sizes=\"(max-width: 2500px) 100vw, 2500px\" \/><\/figure>\n\n\n\n<figure class=\"wp-block-image size-full\"><img decoding=\"async\" width=\"2560\" height=\"1707\" src=\"https:\/\/agorechi.cl\/wp-content\/uploads\/2025\/03\/cerrocastillo2-scaled.jpg\" alt=\"\" class=\"wp-image-624\" srcset=\"https:\/\/agorechi.cl\/wp-content\/uploads\/2025\/03\/cerrocastillo2-scaled.jpg 2560w, https:\/\/agorechi.cl\/wp-content\/uploads\/2025\/03\/cerrocastillo2-300x200.jpg 300w, https:\/\/agorechi.cl\/wp-content\/uploads\/2025\/03\/cerrocastillo2-1024x683.jpg 1024w, https:\/\/agorechi.cl\/wp-content\/uploads\/2025\/03\/cerrocastillo2-768x512.jpg 768w, https:\/\/agorechi.cl\/wp-content\/uploads\/2025\/03\/cerrocastillo2-1536x1024.jpg 1536w, https:\/\/agorechi.cl\/wp-content\/uploads\/2025\/03\/cerrocastillo2-2048x1365.jpg 2048w\" sizes=\"(max-width: 2560px) 100vw, 2560px\" \/><\/figure>\n\n\n\n<figure class=\"wp-block-image size-full\"><img loading=\"lazy\" decoding=\"async\" width=\"292\" height=\"172\" src=\"https:\/\/agorechi.cl\/wp-content\/uploads\/2025\/04\/images-1.jpeg\" alt=\"\" class=\"wp-image-932\"\/><\/figure>\n<\/div>\n\n\n\n<div class=\"wp-block-group content is-vertical is-layout-flex wp-container-core-group-is-layout-8cf370e7 wp-block-group-is-layout-flex\">\n<p><strong>Tel\u00e9fono: (56) 22 2509000<\/strong><\/p>\n\n\n\n<p><strong>Direcci\u00f3n: Bandera 46, Santiago, Regi\u00f3n Metropolitana, Chile.&nbsp;<\/strong><\/p>\n\n\n\n<p><strong>Web: <\/strong><a href=\"https:\/\/www.gobiernosantiago.cl\/\"><strong>https:\/\/www.gobiernosantiago.cl\/<\/strong><\/a><strong><\/strong><\/p>\n<\/div>\n<\/div><\/div>\n","protected":false},"excerpt":{"rendered":"<p>Tel\u00e9fono: (56) 22 2509000 Direcci\u00f3n: Bandera 46, Santiago, Regi\u00f3n Metropolitana, Chile.&nbsp; Web: https:\/\/www.gobiernosantiago.cl\/<\/p>\n","protected":false},"author":1,"featured_media":0,"parent":20,"menu_order":0,"comment_status":"closed","ping_status":"closed","template":"","meta":{"_acf_changed":false,"_uag_custom_page_level_css":"","_kadence_starter_templates_imported_post":false,"_kad_post_transparent":"","_kad_post_title":"","_kad_post_layout":"","_kad_post_sidebar_id":"","_kad_post_content_style":"","_kad_post_vertical_padding":"","_kad_post_feature":"","_kad_post_feature_position":"","_kad_post_header":false,"_kad_post_footer":false,"footnotes":""},"class_list":["post-969","page","type-page","status-publish","hentry"],"acf":[],"uagb_featured_image_src":{"full":false,"thumbnail":false,"medium":false,"medium_large":false,"large":false,"1536x1536":false,"2048x2048":false},"uagb_author_info":{"display_name":"admin","author_link":"https:\/\/agorechi.cl\/index.php\/author\/admin\/"},"uagb_comment_info":0,"uagb_excerpt":"Tel\u00e9fono: (56) 22 2509000 Direcci\u00f3n: Bandera 46, Santiago, Regi\u00f3n Metropolitana, Chile.&nbsp; Web: https:\/\/www.gobiernosantiago.cl\/","_links":{"self":[{"href":"https:\/\/agorechi.cl\/index.php\/wp-json\/wp\/v2\/pages\/969","targetHints":{"allow":["GET"]}}],"collection":[{"href":"https:\/\/agorechi.cl\/index.php\/wp-json\/wp\/v2\/pages"}],"about":[{"href":"https:\/\/agorechi.cl\/index.php\/wp-json\/wp\/v2\/types\/page"}],"author":[{"embeddable":true,"href":"https:\/\/agorechi.cl\/index.php\/wp-json\/wp\/v2\/users\/1"}],"replies":[{"embeddable":true,"href":"https:\/\/agorechi.cl\/index.php\/wp-json\/wp\/v2\/comments?post=969"}],"version-history":[{"count":1,"href":"https:\/\/agorechi.cl\/index.php\/wp-json\/wp\/v2\/pages\/969\/revisions"}],"predecessor-version":[{"id":970,"href":"https:\/\/agorechi.cl\/index.php\/wp-json\/wp\/v2\/pages\/969\/revisions\/970"}],"up":[{"embeddable":true,"href":"https:\/\/agorechi.cl\/index.php\/wp-json\/wp\/v2\/pages\/20"}],"wp:attachment":[{"href":"https:\/\/agorechi.cl\/index.php\/wp-json\/wp\/v2\/media?parent=969"}],"curies":[{"name":"wp","href":"https:\/\/api.w.org\/{rel}","templated":true}]}}