{"id":966,"date":"2025-04-03T16:26:15","date_gmt":"2025-04-03T16:26:15","guid":{"rendered":"https:\/\/lukosvision.cl\/?page_id=966"},"modified":"2025-04-11T13:44:34","modified_gmt":"2025-04-11T13:44:34","slug":"gobierno-regional-de-los-lagos","status":"publish","type":"page","link":"https:\/\/agorechi.cl\/index.php\/regiones\/gobierno-regional-de-los-lagos\/","title":{"rendered":"Gobierno Regional de Los Lagos"},"content":{"rendered":"\n<div class=\"wp-block-group region-content\"><div class=\"wp-block-group__inner-container is-layout-constrained wp-block-group-is-layout-constrained\">\n<figure class=\"wp-block-image size-full img-principal\"><img fetchpriority=\"high\" decoding=\"async\" width=\"1600\" height=\"1200\" src=\"https:\/\/agorechi.cl\/wp-content\/uploads\/2025\/03\/EDIFICIO-GOBIERNO-REGIONAL.jpeg\" alt=\"\" class=\"wp-image-631\" srcset=\"https:\/\/agorechi.cl\/wp-content\/uploads\/2025\/03\/EDIFICIO-GOBIERNO-REGIONAL.jpeg 1600w, https:\/\/agorechi.cl\/wp-content\/uploads\/2025\/03\/EDIFICIO-GOBIERNO-REGIONAL-300x225.jpeg 300w, https:\/\/agorechi.cl\/wp-content\/uploads\/2025\/03\/EDIFICIO-GOBIERNO-REGIONAL-1024x768.jpeg 1024w, https:\/\/agorechi.cl\/wp-content\/uploads\/2025\/03\/EDIFICIO-GOBIERNO-REGIONAL-768x576.jpeg 768w, https:\/\/agorechi.cl\/wp-content\/uploads\/2025\/03\/EDIFICIO-GOBIERNO-REGIONAL-1536x1152.jpeg 1536w\" sizes=\"(max-width: 1600px) 100vw, 1600px\" \/><\/figure>\n\n\n\n<div class=\"wp-block-group img-arrow is-nowrap is-layout-flex wp-container-core-group-is-layout-ad2f72ca wp-block-group-is-layout-flex\">\n<figure class=\"wp-block-image size-full\"><img decoding=\"async\" width=\"1620\" height=\"1080\" src=\"https:\/\/agorechi.cl\/wp-content\/uploads\/2025\/03\/476341542_937243035256843_2789816019016959791_n.jpg\" alt=\"\" class=\"wp-image-632\" srcset=\"https:\/\/agorechi.cl\/wp-content\/uploads\/2025\/03\/476341542_937243035256843_2789816019016959791_n.jpg 1620w, https:\/\/agorechi.cl\/wp-content\/uploads\/2025\/03\/476341542_937243035256843_2789816019016959791_n-300x200.jpg 300w, https:\/\/agorechi.cl\/wp-content\/uploads\/2025\/03\/476341542_937243035256843_2789816019016959791_n-1024x683.jpg 1024w, https:\/\/agorechi.cl\/wp-content\/uploads\/2025\/03\/476341542_937243035256843_2789816019016959791_n-768x512.jpg 768w, https:\/\/agorechi.cl\/wp-content\/uploads\/2025\/03\/476341542_937243035256843_2789816019016959791_n-1536x1024.jpg 1536w\" sizes=\"(max-width: 1620px) 100vw, 1620px\" \/><\/figure>\n\n\n\n<figure class=\"wp-block-image size-full\"><img decoding=\"async\" width=\"2048\" height=\"1536\" src=\"https:\/\/agorechi.cl\/wp-content\/uploads\/2025\/03\/FOTO-PORTADA-REGION.jpg\" alt=\"\" class=\"wp-image-633\" srcset=\"https:\/\/agorechi.cl\/wp-content\/uploads\/2025\/03\/FOTO-PORTADA-REGION.jpg 2048w, https:\/\/agorechi.cl\/wp-content\/uploads\/2025\/03\/FOTO-PORTADA-REGION-300x225.jpg 300w, https:\/\/agorechi.cl\/wp-content\/uploads\/2025\/03\/FOTO-PORTADA-REGION-1024x768.jpg 1024w, https:\/\/agorechi.cl\/wp-content\/uploads\/2025\/03\/FOTO-PORTADA-REGION-768x576.jpg 768w, https:\/\/agorechi.cl\/wp-content\/uploads\/2025\/03\/FOTO-PORTADA-REGION-1536x1152.jpg 1536w\" sizes=\"(max-width: 2048px) 100vw, 2048px\" \/><\/figure>\n\n\n\n<figure class=\"wp-block-image size-full\"><img loading=\"lazy\" decoding=\"async\" width=\"259\" height=\"194\" src=\"https:\/\/agorechi.cl\/wp-content\/uploads\/2025\/04\/images-6.jpeg\" alt=\"\" class=\"wp-image-967\"\/><\/figure>\n<\/div>\n\n\n\n<div class=\"wp-block-group content is-vertical is-layout-flex wp-container-core-group-is-layout-8cf370e7 wp-block-group-is-layout-flex\">\n<p><strong>Tel\u00e9fono: (65) 228 3109<\/strong><\/p>\n\n\n\n<p><strong>Direcci\u00f3n: Av. D\u00e9cima Regi\u00f3n 480, 4to piso, Puerto Montt, Regi\u00f3n de Los Lagos, Chile.<\/strong><\/p>\n\n\n\n<p><strong>Web: <\/strong><a href=\"https:\/\/www.goreloslagos.cl\/\"><strong>https:\/\/www.goreloslagos.cl\/<\/strong><\/a><\/p>\n<\/div>\n<\/div><\/div>\n","protected":false},"excerpt":{"rendered":"<p>Tel\u00e9fono: (65) 228 3109 Direcci\u00f3n: Av. D\u00e9cima Regi\u00f3n 480, 4to piso, Puerto Montt, Regi\u00f3n de Los Lagos, Chile. Web: https:\/\/www.goreloslagos.cl\/<\/p>\n","protected":false},"author":1,"featured_media":0,"parent":20,"menu_order":0,"comment_status":"closed","ping_status":"closed","template":"","meta":{"_acf_changed":false,"_uag_custom_page_level_css":"","_kadence_starter_templates_imported_post":false,"_kad_post_transparent":"","_kad_post_title":"","_kad_post_layout":"","_kad_post_sidebar_id":"","_kad_post_content_style":"","_kad_post_vertical_padding":"","_kad_post_feature":"","_kad_post_feature_position":"","_kad_post_header":false,"_kad_post_footer":false,"footnotes":""},"class_list":["post-966","page","type-page","status-publish","hentry"],"acf":[],"uagb_featured_image_src":{"full":false,"thumbnail":false,"medium":false,"medium_large":false,"large":false,"1536x1536":false,"2048x2048":false},"uagb_author_info":{"display_name":"admin","author_link":"https:\/\/agorechi.cl\/index.php\/author\/admin\/"},"uagb_comment_info":0,"uagb_excerpt":"Tel\u00e9fono: (65) 228 3109 Direcci\u00f3n: Av. D\u00e9cima Regi\u00f3n 480, 4to piso, Puerto Montt, Regi\u00f3n de Los Lagos, Chile. Web: https:\/\/www.goreloslagos.cl\/","_links":{"self":[{"href":"https:\/\/agorechi.cl\/index.php\/wp-json\/wp\/v2\/pages\/966","targetHints":{"allow":["GET"]}}],"collection":[{"href":"https:\/\/agorechi.cl\/index.php\/wp-json\/wp\/v2\/pages"}],"about":[{"href":"https:\/\/agorechi.cl\/index.php\/wp-json\/wp\/v2\/types\/page"}],"author":[{"embeddable":true,"href":"https:\/\/agorechi.cl\/index.php\/wp-json\/wp\/v2\/users\/1"}],"replies":[{"embeddable":true,"href":"https:\/\/agorechi.cl\/index.php\/wp-json\/wp\/v2\/comments?post=966"}],"version-history":[{"count":1,"href":"https:\/\/agorechi.cl\/index.php\/wp-json\/wp\/v2\/pages\/966\/revisions"}],"predecessor-version":[{"id":968,"href":"https:\/\/agorechi.cl\/index.php\/wp-json\/wp\/v2\/pages\/966\/revisions\/968"}],"up":[{"embeddable":true,"href":"https:\/\/agorechi.cl\/index.php\/wp-json\/wp\/v2\/pages\/20"}],"wp:attachment":[{"href":"https:\/\/agorechi.cl\/index.php\/wp-json\/wp\/v2\/media?parent=966"}],"curies":[{"name":"wp","href":"https:\/\/api.w.org\/{rel}","templated":true}]}}