{"id":957,"date":"2025-04-03T16:22:32","date_gmt":"2025-04-03T16:22:32","guid":{"rendered":"https:\/\/lukosvision.cl\/?page_id=957"},"modified":"2025-04-09T23:36:37","modified_gmt":"2025-04-09T23:36:37","slug":"gobierno-regional-de-la-araucania","status":"publish","type":"page","link":"https:\/\/agorechi.cl\/index.php\/regiones\/gobierno-regional-de-la-araucania\/","title":{"rendered":"Gobierno Regional de La Araucan\u00eda"},"content":{"rendered":"\n<div class=\"wp-block-group region-content\"><div class=\"wp-block-group__inner-container is-layout-constrained wp-block-group-is-layout-constrained\">\n<figure class=\"wp-block-image size-full img-principal\"><img fetchpriority=\"high\" decoding=\"async\" width=\"1600\" height=\"900\" src=\"https:\/\/agorechi.cl\/wp-content\/uploads\/2025\/04\/02-132900_0ux3_gobierno-regional.jpg\" alt=\"\" class=\"wp-image-958\" srcset=\"https:\/\/agorechi.cl\/wp-content\/uploads\/2025\/04\/02-132900_0ux3_gobierno-regional.jpg 1600w, https:\/\/agorechi.cl\/wp-content\/uploads\/2025\/04\/02-132900_0ux3_gobierno-regional-300x169.jpg 300w, https:\/\/agorechi.cl\/wp-content\/uploads\/2025\/04\/02-132900_0ux3_gobierno-regional-1024x576.jpg 1024w, https:\/\/agorechi.cl\/wp-content\/uploads\/2025\/04\/02-132900_0ux3_gobierno-regional-768x432.jpg 768w, https:\/\/agorechi.cl\/wp-content\/uploads\/2025\/04\/02-132900_0ux3_gobierno-regional-1536x864.jpg 1536w\" sizes=\"(max-width: 1600px) 100vw, 1600px\" \/><\/figure>\n\n\n\n<div class=\"wp-block-group img-arrow is-nowrap is-layout-flex wp-container-core-group-is-layout-ad2f72ca wp-block-group-is-layout-flex\">\n<figure class=\"wp-block-image size-full\"><img decoding=\"async\" width=\"1024\" height=\"650\" src=\"https:\/\/agorechi.cl\/wp-content\/uploads\/2025\/04\/Region-de-La-Araucania.jpg\" alt=\"\" class=\"wp-image-959\" srcset=\"https:\/\/agorechi.cl\/wp-content\/uploads\/2025\/04\/Region-de-La-Araucania.jpg 1024w, https:\/\/agorechi.cl\/wp-content\/uploads\/2025\/04\/Region-de-La-Araucania-300x190.jpg 300w, https:\/\/agorechi.cl\/wp-content\/uploads\/2025\/04\/Region-de-La-Araucania-768x488.jpg 768w\" sizes=\"(max-width: 1024px) 100vw, 1024px\" \/><\/figure>\n\n\n\n<figure class=\"wp-block-image size-full\"><img decoding=\"async\" width=\"259\" height=\"194\" src=\"https:\/\/agorechi.cl\/wp-content\/uploads\/2025\/04\/images-5.jpeg\" alt=\"\" class=\"wp-image-960\"\/><\/figure>\n\n\n\n<figure class=\"wp-block-image size-full\"><img loading=\"lazy\" decoding=\"async\" width=\"1024\" height=\"512\" src=\"https:\/\/agorechi.cl\/wp-content\/uploads\/2025\/04\/CL_X-cosas-que-hacer-en-Temuco-para-conocer-mejor-la-ciudad-1024x512-1.avif\" alt=\"\" class=\"wp-image-961\"\/><\/figure>\n<\/div>\n\n\n\n<div class=\"wp-block-group content is-vertical is-layout-flex wp-container-core-group-is-layout-8cf370e7 wp-block-group-is-layout-flex\">\n<p><strong>Tel\u00e9fono: (41) 240 5700<\/strong><\/p>\n\n\n\n<p><strong>Direcci\u00f3n: Avenida Prat 525, Concepci\u00f3n, Regi\u00f3n del Biob\u00edo, Chile.<\/strong><\/p>\n\n\n\n<p><strong>Web: <\/strong><a href=\"https:\/\/gorebiobio.cl\/\"><strong>https:\/\/gorebiobio.cl\/<\/strong><\/a><strong><\/strong><\/p>\n<\/div>\n<\/div><\/div>\n","protected":false},"excerpt":{"rendered":"<p>Tel\u00e9fono: (41) 240 5700 Direcci\u00f3n: Avenida Prat 525, Concepci\u00f3n, Regi\u00f3n del Biob\u00edo, Chile. Web: https:\/\/gorebiobio.cl\/<\/p>\n","protected":false},"author":1,"featured_media":0,"parent":20,"menu_order":0,"comment_status":"closed","ping_status":"closed","template":"","meta":{"_acf_changed":false,"_uag_custom_page_level_css":"","_kadence_starter_templates_imported_post":false,"_kad_post_transparent":"","_kad_post_title":"","_kad_post_layout":"","_kad_post_sidebar_id":"","_kad_post_content_style":"","_kad_post_vertical_padding":"","_kad_post_feature":"","_kad_post_feature_position":"","_kad_post_header":false,"_kad_post_footer":false,"footnotes":""},"class_list":["post-957","page","type-page","status-publish","hentry"],"acf":[],"uagb_featured_image_src":{"full":false,"thumbnail":false,"medium":false,"medium_large":false,"large":false,"1536x1536":false,"2048x2048":false},"uagb_author_info":{"display_name":"admin","author_link":"https:\/\/agorechi.cl\/index.php\/author\/admin\/"},"uagb_comment_info":0,"uagb_excerpt":"Tel\u00e9fono: (41) 240 5700 Direcci\u00f3n: Avenida Prat 525, Concepci\u00f3n, Regi\u00f3n del Biob\u00edo, Chile. Web: https:\/\/gorebiobio.cl\/","_links":{"self":[{"href":"https:\/\/agorechi.cl\/index.php\/wp-json\/wp\/v2\/pages\/957","targetHints":{"allow":["GET"]}}],"collection":[{"href":"https:\/\/agorechi.cl\/index.php\/wp-json\/wp\/v2\/pages"}],"about":[{"href":"https:\/\/agorechi.cl\/index.php\/wp-json\/wp\/v2\/types\/page"}],"author":[{"embeddable":true,"href":"https:\/\/agorechi.cl\/index.php\/wp-json\/wp\/v2\/users\/1"}],"replies":[{"embeddable":true,"href":"https:\/\/agorechi.cl\/index.php\/wp-json\/wp\/v2\/comments?post=957"}],"version-history":[{"count":1,"href":"https:\/\/agorechi.cl\/index.php\/wp-json\/wp\/v2\/pages\/957\/revisions"}],"predecessor-version":[{"id":962,"href":"https:\/\/agorechi.cl\/index.php\/wp-json\/wp\/v2\/pages\/957\/revisions\/962"}],"up":[{"embeddable":true,"href":"https:\/\/agorechi.cl\/index.php\/wp-json\/wp\/v2\/pages\/20"}],"wp:attachment":[{"href":"https:\/\/agorechi.cl\/index.php\/wp-json\/wp\/v2\/media?parent=957"}],"curies":[{"name":"wp","href":"https:\/\/api.w.org\/{rel}","templated":true}]}}

Gobierno Regional de La Araucanía

<div class="wp-block-group region-content"><div class="wp-block-group__inner-container is-layout-constrained wp-block-group-is-layout-constrained">
<figure class="wp-block-image size-full img-principal"><img fetchpriority="high" decoding="async" width="1600" height="900" src="https://agorechi.cl/wp-content/uploads/2025/04/02-132900_0ux3_gobierno-regional.jpg" alt="" class="wp-image-958" srcset="https://agorechi.cl/wp-content/uploads/2025/04/02-132900_0ux3_gobierno-regional.jpg 1600w, https://agorechi.cl/wp-content/uploads/2025/04/02-132900_0ux3_gobierno-regional-300x169.jpg 300w, https://agorechi.cl/wp-content/uploads/2025/04/02-132900_0ux3_gobierno-regional-1024x576.jpg 1024w, https://agorechi.cl/wp-content/uploads/2025/04/02-132900_0ux3_gobierno-regional-768x432.jpg 768w, https://agorechi.cl/wp-content/uploads/2025/04/02-132900_0ux3_gobierno-regional-1536x864.jpg 1536w" sizes="(max-width: 1600px) 100vw, 1600px" /></figure>



<div class="wp-block-group img-arrow is-nowrap is-layout-flex wp-container-core-group-is-layout-ad2f72ca wp-block-group-is-layout-flex">
<figure class="wp-block-image size-full"><img decoding="async" width="1024" height="650" src="https://agorechi.cl/wp-content/uploads/2025/04/Region-de-La-Araucania.jpg" alt="" class="wp-image-959" srcset="https://agorechi.cl/wp-content/uploads/2025/04/Region-de-La-Araucania.jpg 1024w, https://agorechi.cl/wp-content/uploads/2025/04/Region-de-La-Araucania-300x190.jpg 300w, https://agorechi.cl/wp-content/uploads/2025/04/Region-de-La-Araucania-768x488.jpg 768w" sizes="(max-width: 1024px) 100vw, 1024px" /></figure>



<figure class="wp-block-image size-full"><img decoding="async" width="259" height="194" src="https://agorechi.cl/wp-content/uploads/2025/04/images-5.jpeg" alt="" class="wp-image-960"/></figure>



<figure class="wp-block-image size-full"><img loading="lazy" decoding="async" width="1024" height="512" src="https://agorechi.cl/wp-content/uploads/2025/04/CL_X-cosas-que-hacer-en-Temuco-para-conocer-mejor-la-ciudad-1024x512-1.avif" alt="" class="wp-image-961"/></figure>
</div>



<div class="wp-block-group content is-vertical is-layout-flex wp-container-core-group-is-layout-8cf370e7 wp-block-group-is-layout-flex">
<p><strong>Teléfono: (41) 240 5700</strong></p>



<p><strong>Dirección: Avenida Prat 525, Concepción, Región del Biobío, Chile.</strong></p>



<p><strong>Web: </strong><a href="https://gorebiobio.cl/"><strong>https://gorebiobio.cl/</strong></a><strong></strong></p>
</div>
</div></div>

<p>Teléfono: (41) 240 5700 Dirección: Avenida Prat 525, Concepción, Región del Biobío, Chile. Web: https://gorebiobio.cl/</p>

Teléfono: (41) 240 5700 Dirección: Avenida Prat 525, Concepción, Región del Biobío, Chile. Web: https://gorebiobio.cl/
