{"id":950,"date":"2025-04-03T16:14:36","date_gmt":"2025-04-03T16:14:36","guid":{"rendered":"https:\/\/lukosvision.cl\/?page_id=950"},"modified":"2025-04-03T16:14:37","modified_gmt":"2025-04-03T16:14:37","slug":"gobierno-regional-de-nuble","status":"publish","type":"page","link":"https:\/\/agorechi.cl\/index.php\/regiones\/gobierno-regional-de-nuble\/","title":{"rendered":"Gobierno Regional de \u00d1uble"},"content":{"rendered":"\n<div class=\"wp-block-group region-content\"><div class=\"wp-block-group__inner-container is-layout-constrained wp-block-group-is-layout-constrained\">\n<figure class=\"wp-block-image size-full img-principal\"><img fetchpriority=\"high\" decoding=\"async\" width=\"2560\" height=\"1707\" src=\"https:\/\/agorechi.cl\/wp-content\/uploads\/2025\/03\/DJI_0170-Mejorado-NR-scaled.jpg\" alt=\"\" class=\"wp-image-640\" srcset=\"https:\/\/agorechi.cl\/wp-content\/uploads\/2025\/03\/DJI_0170-Mejorado-NR-scaled.jpg 2560w, https:\/\/agorechi.cl\/wp-content\/uploads\/2025\/03\/DJI_0170-Mejorado-NR-300x200.jpg 300w, https:\/\/agorechi.cl\/wp-content\/uploads\/2025\/03\/DJI_0170-Mejorado-NR-1024x683.jpg 1024w, https:\/\/agorechi.cl\/wp-content\/uploads\/2025\/03\/DJI_0170-Mejorado-NR-768x512.jpg 768w, https:\/\/agorechi.cl\/wp-content\/uploads\/2025\/03\/DJI_0170-Mejorado-NR-1536x1024.jpg 1536w, https:\/\/agorechi.cl\/wp-content\/uploads\/2025\/03\/DJI_0170-Mejorado-NR-2048x1366.jpg 2048w\" sizes=\"(max-width: 2560px) 100vw, 2560px\" \/><\/figure>\n\n\n\n<div class=\"wp-block-group img-arrow is-nowrap is-layout-flex wp-container-core-group-is-layout-ad2f72ca wp-block-group-is-layout-flex\">\n<figure class=\"wp-block-image size-full\"><img decoding=\"async\" width=\"2560\" height=\"1707\" src=\"https:\/\/agorechi.cl\/wp-content\/uploads\/2025\/03\/DSC01596.jpg\" alt=\"\" class=\"wp-image-641\" srcset=\"https:\/\/agorechi.cl\/wp-content\/uploads\/2025\/03\/DSC01596.jpg 2560w, https:\/\/agorechi.cl\/wp-content\/uploads\/2025\/03\/DSC01596-300x200.jpg 300w, https:\/\/agorechi.cl\/wp-content\/uploads\/2025\/03\/DSC01596-1024x683.jpg 1024w, https:\/\/agorechi.cl\/wp-content\/uploads\/2025\/03\/DSC01596-768x512.jpg 768w, https:\/\/agorechi.cl\/wp-content\/uploads\/2025\/03\/DSC01596-1536x1024.jpg 1536w, https:\/\/agorechi.cl\/wp-content\/uploads\/2025\/03\/DSC01596-2048x1366.jpg 2048w\" sizes=\"(max-width: 2560px) 100vw, 2560px\" \/><\/figure>\n\n\n\n<figure class=\"wp-block-image size-full\"><img decoding=\"async\" width=\"2560\" height=\"1707\" src=\"https:\/\/agorechi.cl\/wp-content\/uploads\/2025\/03\/DSC06793.jpg\" alt=\"\" class=\"wp-image-642\" srcset=\"https:\/\/agorechi.cl\/wp-content\/uploads\/2025\/03\/DSC06793.jpg 2560w, https:\/\/agorechi.cl\/wp-content\/uploads\/2025\/03\/DSC06793-300x200.jpg 300w, https:\/\/agorechi.cl\/wp-content\/uploads\/2025\/03\/DSC06793-1024x683.jpg 1024w, https:\/\/agorechi.cl\/wp-content\/uploads\/2025\/03\/DSC06793-768x512.jpg 768w, https:\/\/agorechi.cl\/wp-content\/uploads\/2025\/03\/DSC06793-1536x1024.jpg 1536w, https:\/\/agorechi.cl\/wp-content\/uploads\/2025\/03\/DSC06793-2048x1366.jpg 2048w\" sizes=\"(max-width: 2560px) 100vw, 2560px\" \/><\/figure>\n\n\n\n<figure class=\"wp-block-image size-full\"><img loading=\"lazy\" decoding=\"async\" width=\"1400\" height=\"933\" src=\"https:\/\/agorechi.cl\/wp-content\/uploads\/2025\/04\/Laguna-Huemul.jpg\" alt=\"\" class=\"wp-image-951\" srcset=\"https:\/\/agorechi.cl\/wp-content\/uploads\/2025\/04\/Laguna-Huemul.jpg 1400w, https:\/\/agorechi.cl\/wp-content\/uploads\/2025\/04\/Laguna-Huemul-300x200.jpg 300w, https:\/\/agorechi.cl\/wp-content\/uploads\/2025\/04\/Laguna-Huemul-1024x682.jpg 1024w, https:\/\/agorechi.cl\/wp-content\/uploads\/2025\/04\/Laguna-Huemul-768x512.jpg 768w\" sizes=\"(max-width: 1400px) 100vw, 1400px\" \/><\/figure>\n<\/div>\n\n\n\n<div class=\"wp-block-group content is-vertical is-layout-flex wp-container-core-group-is-layout-8cf370e7 wp-block-group-is-layout-flex\">\n<p><strong>Tel\u00e9fono: 443208911<\/strong><\/p>\n\n\n\n<p><strong>Direcci\u00f3n: Libertad S\/N Chill\u00e1n, Regi\u00f3n de \u00d1uble, Chile.\u00a0<\/strong><\/p>\n\n\n\n<p><strong>Web: <\/strong><a href=\"https:\/\/goredenuble.cl\/\"><strong>https:\/\/goredenuble.cl\/<\/strong><\/a><strong><\/strong><\/p>\n<\/div>\n<\/div><\/div>\n","protected":false},"excerpt":{"rendered":"<p>Tel\u00e9fono: 443208911 Direcci\u00f3n: Libertad S\/N Chill\u00e1n, Regi\u00f3n de \u00d1uble, Chile.\u00a0 Web: https:\/\/goredenuble.cl\/<\/p>\n","protected":false},"author":1,"featured_media":0,"parent":20,"menu_order":0,"comment_status":"closed","ping_status":"closed","template":"","meta":{"_acf_changed":false,"_uag_custom_page_level_css":"","_kadence_starter_templates_imported_post":false,"_kad_post_transparent":"","_kad_post_title":"","_kad_post_layout":"","_kad_post_sidebar_id":"","_kad_post_content_style":"","_kad_post_vertical_padding":"","_kad_post_feature":"","_kad_post_feature_position":"","_kad_post_header":false,"_kad_post_footer":false,"footnotes":""},"class_list":["post-950","page","type-page","status-publish","hentry"],"acf":[],"uagb_featured_image_src":{"full":false,"thumbnail":false,"medium":false,"medium_large":false,"large":false,"1536x1536":false,"2048x2048":false},"uagb_author_info":{"display_name":"admin","author_link":"https:\/\/agorechi.cl\/index.php\/author\/admin\/"},"uagb_comment_info":0,"uagb_excerpt":"Tel\u00e9fono: 443208911 Direcci\u00f3n: Libertad S\/N Chill\u00e1n, Regi\u00f3n de \u00d1uble, Chile.\u00a0 Web: https:\/\/goredenuble.cl\/","_links":{"self":[{"href":"https:\/\/agorechi.cl\/index.php\/wp-json\/wp\/v2\/pages\/950","targetHints":{"allow":["GET"]}}],"collection":[{"href":"https:\/\/agorechi.cl\/index.php\/wp-json\/wp\/v2\/pages"}],"about":[{"href":"https:\/\/agorechi.cl\/index.php\/wp-json\/wp\/v2\/types\/page"}],"author":[{"embeddable":true,"href":"https:\/\/agorechi.cl\/index.php\/wp-json\/wp\/v2\/users\/1"}],"replies":[{"embeddable":true,"href":"https:\/\/agorechi.cl\/index.php\/wp-json\/wp\/v2\/comments?post=950"}],"version-history":[{"count":1,"href":"https:\/\/agorechi.cl\/index.php\/wp-json\/wp\/v2\/pages\/950\/revisions"}],"predecessor-version":[{"id":952,"href":"https:\/\/agorechi.cl\/index.php\/wp-json\/wp\/v2\/pages\/950\/revisions\/952"}],"up":[{"embeddable":true,"href":"https:\/\/agorechi.cl\/index.php\/wp-json\/wp\/v2\/pages\/20"}],"wp:attachment":[{"href":"https:\/\/agorechi.cl\/index.php\/wp-json\/wp\/v2\/media?parent=950"}],"curies":[{"name":"wp","href":"https:\/\/api.w.org\/{rel}","templated":true}]}}