{"id":928,"date":"2025-04-03T16:00:35","date_gmt":"2025-04-03T16:00:35","guid":{"rendered":"https:\/\/lukosvision.cl\/?page_id=928"},"modified":"2025-04-11T13:43:58","modified_gmt":"2025-04-11T13:43:58","slug":"gobierno-regional-metropolitano-de-santiago","status":"publish","type":"page","link":"https:\/\/agorechi.cl\/index.php\/regiones\/gobierno-regional-metropolitano-de-santiago\/","title":{"rendered":"Gobierno Regional Metropolitano de Santiago"},"content":{"rendered":"\n<div class=\"wp-block-group region-content\"><div class=\"wp-block-group__inner-container is-layout-constrained wp-block-group-is-layout-constrained\">\n<figure class=\"wp-block-image size-full img-principal\"><img fetchpriority=\"high\" decoding=\"async\" width=\"1280\" height=\"924\" src=\"https:\/\/agorechi.cl\/wp-content\/uploads\/2025\/04\/WhatsApp-Image-2021-08-30-at-14.39.03.jpeg\" alt=\"\" class=\"wp-image-929\" srcset=\"https:\/\/agorechi.cl\/wp-content\/uploads\/2025\/04\/WhatsApp-Image-2021-08-30-at-14.39.03.jpeg 1280w, https:\/\/agorechi.cl\/wp-content\/uploads\/2025\/04\/WhatsApp-Image-2021-08-30-at-14.39.03-300x217.jpeg 300w, https:\/\/agorechi.cl\/wp-content\/uploads\/2025\/04\/WhatsApp-Image-2021-08-30-at-14.39.03-1024x739.jpeg 1024w, https:\/\/agorechi.cl\/wp-content\/uploads\/2025\/04\/WhatsApp-Image-2021-08-30-at-14.39.03-768x554.jpeg 768w\" sizes=\"(max-width: 1280px) 100vw, 1280px\" \/><\/figure>\n\n\n\n<div class=\"wp-block-group img-arrow is-nowrap is-layout-flex wp-container-core-group-is-layout-ad2f72ca wp-block-group-is-layout-flex\">\n<figure class=\"wp-block-image size-full\"><img decoding=\"async\" width=\"660\" height=\"300\" src=\"https:\/\/agorechi.cl\/wp-content\/uploads\/2025\/04\/stgo.png\" alt=\"\" class=\"wp-image-930\" srcset=\"https:\/\/agorechi.cl\/wp-content\/uploads\/2025\/04\/stgo.png 660w, https:\/\/agorechi.cl\/wp-content\/uploads\/2025\/04\/stgo-300x136.png 300w\" sizes=\"(max-width: 660px) 100vw, 660px\" \/><\/figure>\n\n\n\n<figure class=\"wp-block-image size-full\"><img decoding=\"async\" width=\"1024\" height=\"442\" src=\"https:\/\/agorechi.cl\/wp-content\/uploads\/2025\/04\/santiago-de-chile-en-invierno-1024x442-1.jpg\" alt=\"\" class=\"wp-image-931\" srcset=\"https:\/\/agorechi.cl\/wp-content\/uploads\/2025\/04\/santiago-de-chile-en-invierno-1024x442-1.jpg 1024w, https:\/\/agorechi.cl\/wp-content\/uploads\/2025\/04\/santiago-de-chile-en-invierno-1024x442-1-300x129.jpg 300w, https:\/\/agorechi.cl\/wp-content\/uploads\/2025\/04\/santiago-de-chile-en-invierno-1024x442-1-768x332.jpg 768w\" sizes=\"(max-width: 1024px) 100vw, 1024px\" \/><\/figure>\n\n\n\n<figure class=\"wp-block-image size-full\"><img loading=\"lazy\" decoding=\"async\" width=\"292\" height=\"172\" src=\"https:\/\/agorechi.cl\/wp-content\/uploads\/2025\/04\/images-1.jpeg\" alt=\"\" class=\"wp-image-932\"\/><\/figure>\n<\/div>\n\n\n\n<div class=\"wp-block-group content is-vertical is-layout-flex wp-container-core-group-is-layout-8cf370e7 wp-block-group-is-layout-flex\">\n<p><strong>Tel\u00e9fono: (56) 22 2509000<\/strong><\/p>\n\n\n\n<p><strong>Direcci\u00f3n: Bandera 46, Santiago, Regi\u00f3n Metropolitana, Chile.\u00a0<\/strong><\/p>\n\n\n\n<p><strong>Web: <\/strong><a href=\"https:\/\/www.gobiernosantiago.cl\/\"><strong>https:\/\/www.gobiernosantiago.cl\/<\/strong><\/a><strong><\/strong><\/p>\n<\/div>\n<\/div><\/div>\n","protected":false},"excerpt":{"rendered":"<p>Tel\u00e9fono: (56) 22 2509000 Direcci\u00f3n: Bandera 46, Santiago, Regi\u00f3n Metropolitana, Chile.\u00a0 Web: https:\/\/www.gobiernosantiago.cl\/<\/p>\n","protected":false},"author":1,"featured_media":0,"parent":20,"menu_order":0,"comment_status":"closed","ping_status":"closed","template":"","meta":{"_acf_changed":false,"_uag_custom_page_level_css":"","_kadence_starter_templates_imported_post":false,"_kad_post_transparent":"","_kad_post_title":"","_kad_post_layout":"","_kad_post_sidebar_id":"","_kad_post_content_style":"","_kad_post_vertical_padding":"","_kad_post_feature":"","_kad_post_feature_position":"","_kad_post_header":false,"_kad_post_footer":false,"footnotes":""},"class_list":["post-928","page","type-page","status-publish","hentry"],"acf":[],"uagb_featured_image_src":{"full":false,"thumbnail":false,"medium":false,"medium_large":false,"large":false,"1536x1536":false,"2048x2048":false},"uagb_author_info":{"display_name":"admin","author_link":"https:\/\/agorechi.cl\/index.php\/author\/admin\/"},"uagb_comment_info":0,"uagb_excerpt":"Tel\u00e9fono: (56) 22 2509000 Direcci\u00f3n: Bandera 46, Santiago, Regi\u00f3n Metropolitana, Chile.\u00a0 Web: https:\/\/www.gobiernosantiago.cl\/","_links":{"self":[{"href":"https:\/\/agorechi.cl\/index.php\/wp-json\/wp\/v2\/pages\/928","targetHints":{"allow":["GET"]}}],"collection":[{"href":"https:\/\/agorechi.cl\/index.php\/wp-json\/wp\/v2\/pages"}],"about":[{"href":"https:\/\/agorechi.cl\/index.php\/wp-json\/wp\/v2\/types\/page"}],"author":[{"embeddable":true,"href":"https:\/\/agorechi.cl\/index.php\/wp-json\/wp\/v2\/users\/1"}],"replies":[{"embeddable":true,"href":"https:\/\/agorechi.cl\/index.php\/wp-json\/wp\/v2\/comments?post=928"}],"version-history":[{"count":1,"href":"https:\/\/agorechi.cl\/index.php\/wp-json\/wp\/v2\/pages\/928\/revisions"}],"predecessor-version":[{"id":933,"href":"https:\/\/agorechi.cl\/index.php\/wp-json\/wp\/v2\/pages\/928\/revisions\/933"}],"up":[{"embeddable":true,"href":"https:\/\/agorechi.cl\/index.php\/wp-json\/wp\/v2\/pages\/20"}],"wp:attachment":[{"href":"https:\/\/agorechi.cl\/index.php\/wp-json\/wp\/v2\/media?parent=928"}],"curies":[{"name":"wp","href":"https:\/\/api.w.org\/{rel}","templated":true}]}}

<div class="wp-block-group region-content"><div class="wp-block-group__inner-container is-layout-constrained wp-block-group-is-layout-constrained">
<figure class="wp-block-image size-full img-principal"><img fetchpriority="high" decoding="async" width="1280" height="924" src="https://agorechi.cl/wp-content/uploads/2025/04/WhatsApp-Image-2021-08-30-at-14.39.03.jpeg" alt="" class="wp-image-929" srcset="https://agorechi.cl/wp-content/uploads/2025/04/WhatsApp-Image-2021-08-30-at-14.39.03.jpeg 1280w, https://agorechi.cl/wp-content/uploads/2025/04/WhatsApp-Image-2021-08-30-at-14.39.03-300x217.jpeg 300w, https://agorechi.cl/wp-content/uploads/2025/04/WhatsApp-Image-2021-08-30-at-14.39.03-1024x739.jpeg 1024w, https://agorechi.cl/wp-content/uploads/2025/04/WhatsApp-Image-2021-08-30-at-14.39.03-768x554.jpeg 768w" sizes="(max-width: 1280px) 100vw, 1280px" /></figure>



<div class="wp-block-group img-arrow is-nowrap is-layout-flex wp-container-core-group-is-layout-ad2f72ca wp-block-group-is-layout-flex">
<figure class="wp-block-image size-full"><img decoding="async" width="660" height="300" src="https://agorechi.cl/wp-content/uploads/2025/04/stgo.png" alt="" class="wp-image-930" srcset="https://agorechi.cl/wp-content/uploads/2025/04/stgo.png 660w, https://agorechi.cl/wp-content/uploads/2025/04/stgo-300x136.png 300w" sizes="(max-width: 660px) 100vw, 660px" /></figure>



<figure class="wp-block-image size-full"><img decoding="async" width="1024" height="442" src="https://agorechi.cl/wp-content/uploads/2025/04/santiago-de-chile-en-invierno-1024x442-1.jpg" alt="" class="wp-image-931" srcset="https://agorechi.cl/wp-content/uploads/2025/04/santiago-de-chile-en-invierno-1024x442-1.jpg 1024w, https://agorechi.cl/wp-content/uploads/2025/04/santiago-de-chile-en-invierno-1024x442-1-300x129.jpg 300w, https://agorechi.cl/wp-content/uploads/2025/04/santiago-de-chile-en-invierno-1024x442-1-768x332.jpg 768w" sizes="(max-width: 1024px) 100vw, 1024px" /></figure>



<figure class="wp-block-image size-full"><img loading="lazy" decoding="async" width="292" height="172" src="https://agorechi.cl/wp-content/uploads/2025/04/images-1.jpeg" alt="" class="wp-image-932"/></figure>
</div>



<div class="wp-block-group content is-vertical is-layout-flex wp-container-core-group-is-layout-8cf370e7 wp-block-group-is-layout-flex">
<p><strong>Teléfono: (56) 22 2509000</strong></p>



<p><strong>Dirección: Bandera 46, Santiago, Región Metropolitana, Chile. </strong></p>



<p><strong>Web: </strong><a href="https://www.gobiernosantiago.cl/"><strong>https://www.gobiernosantiago.cl/</strong></a><strong></strong></p>
</div>
</div></div>

<p>Teléfono: (56) 22 2509000 Dirección: Bandera 46, Santiago, Región Metropolitana, Chile.  Web: https://www.gobiernosantiago.cl/</p>

Teléfono: (56) 22 2509000 Dirección: Bandera 46, Santiago, Región Metropolitana, Chile.  Web: https://www.gobiernosantiago.cl/
