{"id":863,"date":"2025-03-27T22:14:53","date_gmt":"2025-03-27T22:14:53","guid":{"rendered":"https:\/\/lukosvision.cl\/?page_id=863"},"modified":"2025-04-09T23:39:43","modified_gmt":"2025-04-09T23:39:43","slug":"gobierno-regional-de-atacama","status":"publish","type":"page","link":"https:\/\/agorechi.cl\/index.php\/regiones\/gobierno-regional-de-atacama\/","title":{"rendered":"Gobierno Regional de Atacama"},"content":{"rendered":"\n<div class=\"wp-block-group region-content\"><div class=\"wp-block-group__inner-container is-layout-constrained wp-block-group-is-layout-constrained\">\n<figure class=\"wp-block-image size-full img-principal\"><img fetchpriority=\"high\" decoding=\"async\" width=\"2560\" height=\"1440\" src=\"https:\/\/agorechi.cl\/wp-content\/uploads\/2025\/03\/EDIFICIO-GORE-2-scaled.jpg\" alt=\"\" class=\"wp-image-619\" srcset=\"https:\/\/agorechi.cl\/wp-content\/uploads\/2025\/03\/EDIFICIO-GORE-2-scaled.jpg 2560w, https:\/\/agorechi.cl\/wp-content\/uploads\/2025\/03\/EDIFICIO-GORE-2-300x169.jpg 300w, https:\/\/agorechi.cl\/wp-content\/uploads\/2025\/03\/EDIFICIO-GORE-2-1024x576.jpg 1024w, https:\/\/agorechi.cl\/wp-content\/uploads\/2025\/03\/EDIFICIO-GORE-2-768x432.jpg 768w, https:\/\/agorechi.cl\/wp-content\/uploads\/2025\/03\/EDIFICIO-GORE-2-1536x864.jpg 1536w, https:\/\/agorechi.cl\/wp-content\/uploads\/2025\/03\/EDIFICIO-GORE-2-2048x1152.jpg 2048w\" sizes=\"(max-width: 2560px) 100vw, 2560px\" \/><\/figure>\n\n\n\n<div class=\"wp-block-group img-arrow is-nowrap is-layout-flex wp-container-core-group-is-layout-ad2f72ca wp-block-group-is-layout-flex\">\n<figure class=\"wp-block-image size-full\"><img decoding=\"async\" width=\"2560\" height=\"1440\" src=\"https:\/\/agorechi.cl\/wp-content\/uploads\/2025\/03\/DJI_0068-scaled.jpg\" alt=\"\" class=\"wp-image-620\" srcset=\"https:\/\/agorechi.cl\/wp-content\/uploads\/2025\/03\/DJI_0068-scaled.jpg 2560w, https:\/\/agorechi.cl\/wp-content\/uploads\/2025\/03\/DJI_0068-300x169.jpg 300w, https:\/\/agorechi.cl\/wp-content\/uploads\/2025\/03\/DJI_0068-1024x576.jpg 1024w, https:\/\/agorechi.cl\/wp-content\/uploads\/2025\/03\/DJI_0068-768x432.jpg 768w, https:\/\/agorechi.cl\/wp-content\/uploads\/2025\/03\/DJI_0068-1536x864.jpg 1536w, https:\/\/agorechi.cl\/wp-content\/uploads\/2025\/03\/DJI_0068-2048x1152.jpg 2048w\" sizes=\"(max-width: 2560px) 100vw, 2560px\" \/><\/figure>\n\n\n\n<figure class=\"wp-block-image size-full\"><img decoding=\"async\" width=\"1920\" height=\"1080\" src=\"https:\/\/agorechi.cl\/wp-content\/uploads\/2025\/03\/03.jpg\" alt=\"\" class=\"wp-image-621\" srcset=\"https:\/\/agorechi.cl\/wp-content\/uploads\/2025\/03\/03.jpg 1920w, https:\/\/agorechi.cl\/wp-content\/uploads\/2025\/03\/03-300x169.jpg 300w, https:\/\/agorechi.cl\/wp-content\/uploads\/2025\/03\/03-1024x576.jpg 1024w, https:\/\/agorechi.cl\/wp-content\/uploads\/2025\/03\/03-768x432.jpg 768w, https:\/\/agorechi.cl\/wp-content\/uploads\/2025\/03\/03-1536x864.jpg 1536w\" sizes=\"(max-width: 1920px) 100vw, 1920px\" \/><\/figure>\n\n\n\n<figure class=\"wp-block-image size-full\"><img loading=\"lazy\" decoding=\"async\" width=\"2560\" height=\"1441\" src=\"https:\/\/agorechi.cl\/wp-content\/uploads\/2025\/04\/01.jpeg\" alt=\"\" class=\"wp-image-922\" srcset=\"https:\/\/agorechi.cl\/wp-content\/uploads\/2025\/04\/01.jpeg 2560w, https:\/\/agorechi.cl\/wp-content\/uploads\/2025\/04\/01-300x169.jpeg 300w, https:\/\/agorechi.cl\/wp-content\/uploads\/2025\/04\/01-1024x576.jpeg 1024w, https:\/\/agorechi.cl\/wp-content\/uploads\/2025\/04\/01-768x432.jpeg 768w, https:\/\/agorechi.cl\/wp-content\/uploads\/2025\/04\/01-1536x865.jpeg 1536w, https:\/\/agorechi.cl\/wp-content\/uploads\/2025\/04\/01-2048x1153.jpeg 2048w\" sizes=\"(max-width: 2560px) 100vw, 2560px\" \/><\/figure>\n<\/div>\n\n\n\n<div class=\"wp-block-group content is-vertical is-layout-flex wp-container-core-group-is-layout-8cf370e7 wp-block-group-is-layout-flex\">\n<p><strong>Tel\u00e9fono: (52) 2 207200<\/strong><\/p>\n\n\n\n<p><strong>Direcci\u00f3n: Los Carreras 645, Copiap\u00f3, Regi\u00f3n de Atacama, Chile.<\/strong><\/p>\n\n\n\n<p><strong>Web: <\/strong><a href=\"https:\/\/www.goreatacama.cl\/\"><strong>https:\/\/www.goreatacama.cl\/<\/strong><\/a><strong>&nbsp;<\/strong><\/p>\n<\/div>\n<\/div><\/div>\n","protected":false},"excerpt":{"rendered":"<p>Tel\u00e9fono: (52) 2 207200 Direcci\u00f3n: Los Carreras 645, Copiap\u00f3, Regi\u00f3n de Atacama, Chile. Web: https:\/\/www.goreatacama.cl\/&nbsp;<\/p>\n","protected":false},"author":1,"featured_media":0,"parent":20,"menu_order":0,"comment_status":"closed","ping_status":"closed","template":"","meta":{"_acf_changed":false,"_uag_custom_page_level_css":"","_kadence_starter_templates_imported_post":false,"_kad_post_transparent":"","_kad_post_title":"show","_kad_post_layout":"","_kad_post_sidebar_id":"","_kad_post_content_style":"boxed","_kad_post_vertical_padding":"show","_kad_post_feature":"show","_kad_post_feature_position":"below","_kad_post_header":false,"_kad_post_footer":false,"footnotes":""},"class_list":["post-863","page","type-page","status-publish","hentry"],"acf":[],"uagb_featured_image_src":{"full":false,"thumbnail":false,"medium":false,"medium_large":false,"large":false,"1536x1536":false,"2048x2048":false},"uagb_author_info":{"display_name":"admin","author_link":"https:\/\/agorechi.cl\/index.php\/author\/admin\/"},"uagb_comment_info":0,"uagb_excerpt":"Tel\u00e9fono: (52) 2 207200 Direcci\u00f3n: Los Carreras 645, Copiap\u00f3, Regi\u00f3n de Atacama, Chile. Web: https:\/\/www.goreatacama.cl\/&nbsp;","_links":{"self":[{"href":"https:\/\/agorechi.cl\/index.php\/wp-json\/wp\/v2\/pages\/863","targetHints":{"allow":["GET"]}}],"collection":[{"href":"https:\/\/agorechi.cl\/index.php\/wp-json\/wp\/v2\/pages"}],"about":[{"href":"https:\/\/agorechi.cl\/index.php\/wp-json\/wp\/v2\/types\/page"}],"author":[{"embeddable":true,"href":"https:\/\/agorechi.cl\/index.php\/wp-json\/wp\/v2\/users\/1"}],"replies":[{"embeddable":true,"href":"https:\/\/agorechi.cl\/index.php\/wp-json\/wp\/v2\/comments?post=863"}],"version-history":[{"count":8,"href":"https:\/\/agorechi.cl\/index.php\/wp-json\/wp\/v2\/pages\/863\/revisions"}],"predecessor-version":[{"id":1000,"href":"https:\/\/agorechi.cl\/index.php\/wp-json\/wp\/v2\/pages\/863\/revisions\/1000"}],"up":[{"embeddable":true,"href":"https:\/\/agorechi.cl\/index.php\/wp-json\/wp\/v2\/pages\/20"}],"wp:attachment":[{"href":"https:\/\/agorechi.cl\/index.php\/wp-json\/wp\/v2\/media?parent=863"}],"curies":[{"name":"wp","href":"https:\/\/api.w.org\/{rel}","templated":true}]}}