{"id":1707,"date":"2026-03-19T15:31:07","date_gmt":"2026-03-19T15:31:07","guid":{"rendered":"https:\/\/agorechi.cl\/?page_id=1707"},"modified":"2026-03-19T15:31:08","modified_gmt":"2026-03-19T15:31:08","slug":"comisiones-2","status":"publish","type":"page","link":"https:\/\/agorechi.cl\/index.php\/comisiones-2\/","title":{"rendered":"COMISIONES INTERNAS"},"content":{"rendered":"\n<div class=\"wp-block-uagb-container uagb-block-6c0e2935 alignfull uagb-is-root-container\">\n<div class=\"wp-block-uagb-container uagb-layout-flex uagb-block-c735eb24\">\n<h2 class=\"wp-block-heading has-theme-palette-5-color has-text-color has-link-color has-larger-font-size wp-elements-459b6d415e096ba5ec9de04b46d343a3\">Comisiones Internas<\/h2>\n\n\n\n<hr class=\"wp-block-separator has-text-color has-theme-palette-5-color has-alpha-channel-opacity has-theme-palette-5-background-color has-background is-style-wide\"\/>\n\n\n\n<div class=\"wp-block-uagb-container uagb-layout-grid uagb-block-3ebb94fd\">\n<div class=\"wp-block-group is-nowrap is-layout-flex wp-container-core-group-is-layout-ad2f72ca wp-block-group-is-layout-flex\">\n<div class=\"wp-block-uagb-container uagb-block-39c59dec\">\n<h3 class=\"wp-block-heading has-large-font-size\">Comisi\u00f3n de \u00c9tica<\/h3>\n\n\n\n<p>La Comisi\u00f3n de \u00c9tica es el \u00f3rgano interno encargado de velar por el cumplimiento de los Estatutos y de los deberes que corresponden a los asociados, resguardando la probidad, la conducta institucional y el respeto a los principios que rigen la Asociaci\u00f3n.<\/p>\n\n\n\n<p>Constituye un \u00f3rgano aut\u00f3nomo respecto del Directorio en el ejercicio de sus funciones disciplinarias.<\/p>\n\n\n\n<p>La elecci\u00f3n de los miembros se realiza en Asamblea, se efect\u00faa mediante votaci\u00f3n directa y resultan electos quienes obtengan las primeras mayor\u00edas. En caso de vacancia, se procede conforme al mecanismo estatutario de reemplazo (elecci\u00f3n complementaria o subrogaci\u00f3n, seg\u00fan corresponda).<\/p>\n\n\n\n<p>De acuerdo con los Estatutos: est\u00e1 compuesta por Gobernadores Regionales asociados, su n\u00famero es impar, sus integrantes son elegidos por la Asamblea, no pueden integrar simult\u00e1neamente el Directorio y su mandato se extiende por el per\u00edodo que determinen los Estatutos (normalmente coincidente con el del Directorio, salvo disposici\u00f3n distinta).  <\/p>\n\n\n\n<p>Corresponde a la Comisi\u00f3n de \u00c9tica:<\/p>\n\n\n\n<ul class=\"wp-block-list\">\n<li>Conocer denuncias por infracci\u00f3n a los Estatutos.<\/li>\n\n\n\n<li>Investigar hechos que puedan comprometer la responsabilidad \u00e9tica de un asociado.<\/li>\n\n\n\n<li>Garantizar el debido proceso.<\/li>\n\n\n\n<li>Emitir resoluciones fundadas.<\/li>\n\n\n\n<li>Proponer o aplicar sanciones conforme a lo previsto estatutariamente (amonestaci\u00f3n, suspensi\u00f3n u otras medidas contempladas).<\/li>\n<\/ul>\n\n\n\n<p><\/p>\n<\/div>\n<\/div>\n\n\n\n<div class=\"wp-block-uagb-image uagb-block-34ccd4db wp-block-uagb-image--layout-default wp-block-uagb-image--effect-static wp-block-uagb-image--align-none\"><figure class=\"wp-block-uagb-image__figure\"><img loading=\"lazy\" decoding=\"async\" srcset=\"https:\/\/agorechi.cl\/wp-content\/uploads\/2026\/03\/istockphoto-2168600965-1024x1024-1.jpg ,https:\/\/agorechi.cl\/wp-content\/uploads\/2026\/03\/istockphoto-2168600965-1024x1024-1.jpg 780w, https:\/\/agorechi.cl\/wp-content\/uploads\/2026\/03\/istockphoto-2168600965-1024x1024-1.jpg 360w\" sizes=\"auto, (max-width: 480px) 150px\" src=\"https:\/\/agorechi.cl\/wp-content\/uploads\/2026\/03\/istockphoto-2168600965-1024x1024-1.jpg\" alt=\"\" class=\"uag-image-1709\" width=\"1024\" height=\"651\" title=\"istockphoto-2168600965-1024x1024\" loading=\"lazy\" role=\"img\"\/><\/figure><\/div>\n<\/div>\n\n\n\n<div class=\"wp-block-uagb-container uagb-layout-grid uagb-block-2d600991\">\n<div class=\"wp-block-group is-nowrap is-layout-flex wp-container-core-group-is-layout-ad2f72ca wp-block-group-is-layout-flex\">\n<div class=\"wp-block-uagb-container uagb-block-e7e81707\">\n<h3 class=\"wp-block-heading has-large-font-size\">Comisi\u00f3n Revisora de Cuentas<\/h3>\n\n\n\n<p>La Comisi\u00f3n Revisora de Cuentas tiene por finalidad controlar la correcta administraci\u00f3n financiera y el uso de los recursos institucionales, y es una instancia que opera con independencia del Directorio.<\/p>\n\n\n\n<p> Seg\u00fan los Estatutos de la Asociaci\u00f3n, el per\u00edodo de funcionamiento de esta comisi\u00f3n coincide con el establecido estatutariamente para estos \u00f3rganos de control.<\/p>\n\n\n\n<p>Est\u00e1 conformada por un n\u00famero impar de Gobernadores Regionales, quienes son elegidos por la Asamblea. Los integrantes electos no pueden formar parte del Directorio. <\/p>\n\n\n\n<p>Su elecci\u00f3n se realiza en Asamblea ordinaria y mediante votaci\u00f3n directa, resultando electos quienes obtengan las mayores votaciones. Las vacancias se cubren conforme al mecanismo previsto en los Estatutos.<\/p>\n\n\n\n<p>Corresponde a la Comisi\u00f3n Revisora de Cuentas:<\/p>\n\n\n\n<ul class=\"wp-block-list\">\n<li>Examinar libros contables y documentaci\u00f3n financiera.<\/li>\n\n\n\n<li>Revisar balances e informes econ\u00f3micos.<\/li>\n\n\n\n<li>Fiscalizar el cumplimiento del presupuesto.<\/li>\n\n\n\n<li>Emitir informe previo a la aprobaci\u00f3n del balance anual por la Asamblea.<\/li>\n\n\n\n<li>Formular observaciones o recomendaciones al Directorio.<\/li>\n<\/ul>\n\n\n\n<hr class=\"wp-block-separator has-alpha-channel-opacity\"\/>\n<\/div>\n<\/div>\n\n\n\n<div class=\"wp-block-uagb-image uagb-block-f9ca1ea4 wp-block-uagb-image--layout-default wp-block-uagb-image--effect-static wp-block-uagb-image--align-none\"><figure class=\"wp-block-uagb-image__figure\"><img loading=\"lazy\" decoding=\"async\" srcset=\"https:\/\/agorechi.cl\/wp-content\/uploads\/2026\/03\/hr-coworkers-using-laptop-preemployment-assessments-1-1024x683.jpg ,https:\/\/agorechi.cl\/wp-content\/uploads\/2026\/03\/hr-coworkers-using-laptop-preemployment-assessments-1-scaled.jpg 780w, https:\/\/agorechi.cl\/wp-content\/uploads\/2026\/03\/hr-coworkers-using-laptop-preemployment-assessments-1-scaled.jpg 360w\" sizes=\"auto, (max-width: 480px) 150px\" src=\"https:\/\/agorechi.cl\/wp-content\/uploads\/2026\/03\/hr-coworkers-using-laptop-preemployment-assessments-1-1024x683.jpg\" alt=\"\" class=\"uag-image-1711\" width=\"1024\" height=\"683\" title=\"hr-coworkers-using-laptop-preemployment-assessments (1)\" loading=\"lazy\" role=\"img\"\/><\/figure><\/div>\n<\/div>\n\n\n\n<div class=\"wp-block-uagb-container uagb-layout-grid uagb-block-4df099e8\"><\/div>\n<\/div>\n<\/div>\n","protected":false},"excerpt":{"rendered":"<p>Comisiones Internas Comisi\u00f3n de \u00c9tica La Comisi\u00f3n de \u00c9tica es el \u00f3rgano interno encargado de velar por el cumplimiento de los Estatutos y de los deberes que corresponden a los&#8230;<\/p>\n","protected":false},"author":1,"featured_media":0,"parent":0,"menu_order":0,"comment_status":"closed","ping_status":"closed","template":"","meta":{"_acf_changed":false,"_uag_custom_page_level_css":"","_kadence_starter_templates_imported_post":false,"_kad_post_transparent":"","_kad_post_title":"","_kad_post_layout":"","_kad_post_sidebar_id":"","_kad_post_content_style":"","_kad_post_vertical_padding":"","_kad_post_feature":"","_kad_post_feature_position":"","_kad_post_header":false,"_kad_post_footer":false,"footnotes":""},"class_list":["post-1707","page","type-page","status-publish","hentry"],"acf":[],"uagb_featured_image_src":{"full":false,"thumbnail":false,"medium":false,"medium_large":false,"large":false,"1536x1536":false,"2048x2048":false},"uagb_author_info":{"display_name":"admin","author_link":"https:\/\/agorechi.cl\/index.php\/author\/admin\/"},"uagb_comment_info":0,"uagb_excerpt":"Comisiones Internas Comisi\u00f3n de \u00c9tica La Comisi\u00f3n de \u00c9tica es el \u00f3rgano interno encargado de velar por el cumplimiento de los Estatutos y de los deberes que corresponden a los...","_links":{"self":[{"href":"https:\/\/agorechi.cl\/index.php\/wp-json\/wp\/v2\/pages\/1707","targetHints":{"allow":["GET"]}}],"collection":[{"href":"https:\/\/agorechi.cl\/index.php\/wp-json\/wp\/v2\/pages"}],"about":[{"href":"https:\/\/agorechi.cl\/index.php\/wp-json\/wp\/v2\/types\/page"}],"author":[{"embeddable":true,"href":"https:\/\/agorechi.cl\/index.php\/wp-json\/wp\/v2\/users\/1"}],"replies":[{"embeddable":true,"href":"https:\/\/agorechi.cl\/index.php\/wp-json\/wp\/v2\/comments?post=1707"}],"version-history":[{"count":3,"href":"https:\/\/agorechi.cl\/index.php\/wp-json\/wp\/v2\/pages\/1707\/revisions"}],"predecessor-version":[{"id":1712,"href":"https:\/\/agorechi.cl\/index.php\/wp-json\/wp\/v2\/pages\/1707\/revisions\/1712"}],"wp:attachment":[{"href":"https:\/\/agorechi.cl\/index.php\/wp-json\/wp\/v2\/media?parent=1707"}],"curies":[{"name":"wp","href":"https:\/\/api.w.org\/{rel}","templated":true}]}}